is the value of ((-6 - -5) + -9 - -8) + 3?
1
Evaluate 3 - (-3 - (-2 + 1)).
5
2 + 0 - (-3 + 4)
1
(1 + -5 + -1 - 3) + 0
-8
What is 0 - (2 + 4 + -9 + 1)?
2
What is the value of -2 - -2 - (-8 + 4 + 1)?
3
What is the value of -8 - (-4 + 7 + -11 + 4)?
-4
(-11 - (-9 + 10)) + 22
10
Evaluate 2 + (0 - 5 - (-6 + 5)).
-2
Calculate 81 + -78 - (-1 + 7).
-3
What is -2 + ((4 - 3) + 3 - -1)?
3
What is the value of (14 - 1) + (-3 - -6) + -8?
8
Evaluate (-1 - 0) + 2 - (-13 + 11).
3
What is 4 + 2 + 3 + -4?
5
(-5 - -4 - -6) + -11 - -5
-1
Calculate (2 - (0 - 2)) + -1.
3
Evaluate 0 + 4 - (4 + -5 + -1).
6
What is (2 - (3 - -4)) + -1 + 6?
0
What is the value of 2 + (6 - -1) + (-25 - -19)?
3
What is (-1 - (0 + 3)) + -2 + 6?
0
-3 - (-5 + 4 + 6 + -1)
-7
Calculate (-11 - -2 - -3) + (-3 - -2).
-7
-9 - (-2 - 2) - (-2 + -2)
-1
What is the value of 8 + -8 - (-3 - (3 + -2))?
4
What is 13 + (-5 - 3) - -2?
7
What is 30 + -29 - ((-1 - -1) + -3)?
4
What is -1 + (-3 - -3) + (-49 - -59)?
9
Calculate 2 + -11 + 12 + -8.
-5
Evaluate (11 + 1 - (3 - 2)) + -4.
7
Evaluate -3 - -3 - 2 - -3 - 4.
-3
What is the value of -3 - 2 - (0 + -7 - -7)?
-5
Calculate 3 - (-1 + 4) - (1 + 2).
-3
0 + -5 + (8 - 5) + 6
4
-4 - (-1 + -2) - (0 - 2)
1
Evaluate (-4 - 1 - -9) + 4 + -3.
5
Calculate -3 - (0 + 0 - -2).
-5
What is -4 + -1 - (51 - 57)?
1
Calculate 1 + (-3 + 3 - -3).
4
5 - -1 - (-9 + 22 + -13)
6
3 + (2 - -2) + -2 + -1
4
6 + 2 + 8 + -10
6
(0 - (2 - (3 - 2))) + -3
-4
What is -1 + 13 - (-1 + 11)?
2
7 + -6 + 6 + 8 + -10
5
Calculate (10 - -12) + -12 - 3.
7
What is -13 - (6 + -19 + 3 + 7)?
-10
Evaluate 1 - ((10 - 1) + -6) - -6.
4
Evaluate 4 + (4 - (6 + (-2 - -1))).
3
Evaluate 34 + -35 + 0 + 0 + -4.
-5
What is the value of 0 + -6 + (-3 - -3) + 7?
1
What is the value of -9 - (-6 + 4 + -4 + 1)?
-4
What is 0 - (-11 + (1 - (-8 + 5)))?
7
What is the value of 3 - (9 + 0 - 3) - 1?
-4
Evaluate (-1 - 5) + (8 - 1).
1
Evaluate -8 - (-1 - (13 - 9)).
-3
Calculate -4 + (-3 + (2 - -4) - 6).
-7
Evaluate 0 - ((7 - (1 + 2)) + 2).
-6
-3 - -2 - (0 - 6)
5
Evaluate 12 + -9 - (1 - (0 - 2)).
0
What is -7 + (-34 - -35 - (0 - 0))?
-6
Calculate (9 - 4) + -8 - -3.
0
What is the value of (0 - 5) + (-7 - -7) + 9?
4
3 + (-4 - -3) + -1 + -6
-5
-1 - -2 - (-117 - -117)
1
Evaluate 4 - (-1 - ((-2 - 1) + 3)).
5
Calculate 5 + 2 + -4 + (1 - -1).
5
(-3 - -2) + 0 + 6 + -3
2
Calculate 5 - 6 - 4 - -1.
-4
What is 6 + (-3 - 3) + -3?
-3
What is the value of (-1 + 5 - 1) + -1 + 2?
4
What is 1 + 2 - (7 - 3 - 1)?
0
Calculate (5 - (-1 + 4)) + -2.
0
-2 - (3 + -8 + 2)
1
What is -3 - 2 - (30 - 33)?
-2
What is -5 - ((-6 - -2) + -4) - -2?
5
Calculate (2 - 5 - -5) + 4 - 4.
2
Evaluate (0 - 2) + 5 - 8.
-5
What is the value of (0 - 0) + (-1 - (2 + -4))?
1
What is the value of -3 - -1 - (-4 - -2) - -3?
3
(1 - -3 - -1) + (-5 - 1)
-1
Calculate 16 + -11 - (0 + 1) - 0.
4
-2 + 5 - (1 + -1)
3
4 - ((4 - 4) + 3)
1
Evaluate -2 + 3 + 1 + 3.
5
Evaluate 1 + (-3 - 0) + (19 - 16).
1
Calculate -4 + (-24 - -30 - (0 - -10)).
-8
Evaluate -1 + -1 + 1 + (25 - 20).
4
Evaluate 6 + 7 + -20 - (-14 - 1).
8
Evaluate -2 - 3 - (-6 + -2).
3
27 - 24 - (-1 - -2 - 1)
3
5 + (-3 + -1 - (-55 + 55))
1
Evaluate 9 + (-11 - (-4 - 1)).
3
-5 + (-7 - -25 - 9)
4
Calculate 4 + 1 - (6 - 7 - 3).
9
-1 + 1 - (-11 - -17)
-6
What is the value of 2 + -10 + (5 - -8)?
5
Evaluate 1 - (1 - (8 + -7)).
1
What is the value of 6 + (15 - 6) + -10?
5
Calculate 73 - 73 - (2 + -2).
0
3 + (-2 - -3 - 6)
-2
Evaluate -7 - 0 - (-73 + 63).
3
What is the value of -11 + -3 + 6 + 10?
2
What is -5 + -1 - (-10 - -7)?
-3
Calculate 2 + (6 - (9 + 0)).
-1
Calculate (-12 - (-1 + -1)) + -1 + 5.
-6
What is the value of -2 - -1 - (-65 + 61)?
3
What is the value of (-7 - (-1 - 0)) + 5?
-1
Calculate 14 - (-3 - 0) - 8.
9
-5 - -1 - (5 - 8)
-1
What is the value of (2 - -5) + -9 + 4 + 2?
4
What is (-46 - -44) + 0 + (5 - 0)?
3
What is -2 - (-3 + 1 - 2)?
2
What is the value of 0 + (2 - -1) + -10 + 11?
4
What is 19 + -3 + -6 - 15?
-5
Evaluate 6 - 2 - (-2 + (7 - 0)).
-1
-2 + 5 - (-10 - -13)
0
Evaluate 3 - (4 + -2 - -2 - 1).
0
-2 - (5 + -1 + 4 + -5)
-5
(9 - (2 + 9)) + 6 + 1
5
Calculate -8 - (1 + (-2 + 5 - 7)).
-5
Calculate (-1 - -3) + -6 - (1 - 3).
-2
Evaluate (5 + 1 - 2) + -4.
0
Evaluate 6 - ((-2 - -3) + -1 + 1).
5
Evaluate -1 + 0 + (8 - (5 - 0)).
2
What is (2 - 9) + 3 + 9 + -11?
-6
Calculate (-3 - (-4 - -6)) + 2.
-3
Evaluate 13 + 1 + -11 + (0 - 4).
-1
Evaluate (2 - 2 - -2 - 4) + -4.
-6
7 + -3 - -6 - 15
-5
-80 - -86 - (1 + 1)
4
Evaluate 4 - 3 - 5 - -1.
-3
Evaluate 3 - (-8 - (-7 - 1)).
3
Evaluate -2 - (11 - 10 - (3 - 4)).
-4
What is 77 - 75 - (-6 + -1 - -2)?
7
Calculate -4 - -2 - -2 - (5 + -4).
-1
Calculate 0 - -4 - (24 - 20).
0
Calculate 68 + -67 - (-1 + (1 - -2)).
-1
-1 - ((-3 + 5 - -1) + -2)
-2
What is (-5 - (3 + -4)) + 9?
5
Evaluate (-1 + -9 + 0 - -8) + -8.
-10
What is the value of -2 - 0 - (0 + -5 + 10)?
-7
What is 4 + (-1 - 4) + -3?
-4
Calculate 1 + -5 + 24 + -15 + 2.
7
Evaluate -40 + 47 + (-1 - (-2 + 5)).
3
Evaluate (8 - 5 - 0) + 4 - 1.
6
What is -1 - (0 - (0 - -4))?
3
What is the value of -5 - (-14 + -2 + 6)?
5
Calculate -1 + 1 - (12 - (14 + -7)).
-5
Calculate (0 - -1) + (1 + -1 - 1).
0
4 - (2 + 0 - (4 + -1))
5
What is the value of (0 - -4) + -10 + -22 + 30?
2
Evaluate (4 - 1) + -7 - (0 - 5).
1
Evaluate 1 + (-8 + 10 - 2).
1
Calculate (-9 - (3 - 9)) + (5 - 1).
1
Calculate 3 - (7 - (7 - 1)).
2
-3 + 7 - (-1 - -1)
4
Calculate 0 - (-4 - -1) - -1.
4
What is -5 - (-7 - 3) - (7 - 6)?
4
What is 23 + -18 - (-2 + 8) - 0?
-1
Calculate (3 + -2 - 3) + 14 + -7.
5
0 + (4 - 1 - (13 + -8))
-2
What is the value of 47 - 52 - (1 - 14)?
8
Evaluate 1 + 1 - 8 - -11.
5
Calculate 0 + (2 - 7) + 10 - 4.
1
1 + 2 + -4 + -2
-3
What is the value of (-4 - (-4 + 4)) + 4?
0
Calculate (-7 - -3) + (12 - 9).
-1
-3 + (-1 - 0) + 1 + -2
-5
Evaluate 5 + -16 + (-10 - -20).
-1
-3 + -7 + 3 + -1 + 3
-5
Calculate 3 + 1 + (3 - 3) - 2.
2
Calculate -1 + 1 + (-5 - -1) + 4.
0
Calculate -7 - (-5 - (0 + -2)).
-4
Calculate -3 - (-3 + 9 + -5).
-4
Calculate 2 + -3 - (-8 + 6 - 2).
3
What is 0 + (7 - -11 - 9)?
9
What is the value of -7 + (-16 - (-16 - -8) - -11)?
-4
What is -9 - -2 - (-6 - -2)?
-3
Evaluate (0 - 2) + 2 + 5.
5
Calculate (4 - (6 - (-5 - -2))) + 2.
-3
Calculate -3 + 1 + (-4 - (-6 - -2)).
-2
What is 9 - (17 + (4 - 6))?
-6
What is the value of 2 + -8 + 1 + 4 - -7?
6
Evaluate (5 - (5 + -1 + -3)) + -3.
1
Calculate (-5 + -3 - -1) + 4.
-3
What is -11 - -10 - 10 - -17?
6
Evaluate -8 - (-4 + -2 - (-1 + -1)).
-4
Calculate 5 + -1 - (-20 - -20).
4
7 + (-1 - 5) + -2
-1
What is (3 - -1 - 0) + -8?
-4
What is the value of -6 + (0 - 0) + 2?
-4
Calculate 16 + -13 - 9 - (-16 + 1).
9
(-4 + 0 - -3) + -1 + -2
-4
Evaluate 0 + (13 - (12 + -7) - 2).
6
What is the value of 5 + -9 - (3 - 6)?
-1
(9 - 1) + 2 + -19 + 17
8
(0 - 4) + (-4 - 1)
-9
-3 + (5 - (1 - (1 - 1)))
1
Evaluate 2 + -1 - (-3 - (-2 + -4)).
-2
What is the value of 2 - 1 - (3 - 1)?
-1
5 - (-4 - -1) - 8
0
Calculate (7 - 3) + -5 + 4 + 4.
7
What is the value of -3 + 4 + (-9 - -5 - -5)?
2
12 - -1 - (-12 + 21)
4
Evaluate 1 - (8 + -4 + 0 + 0).
-3
-5 + (-3 + 0 - -4 - -2)
-2
What is 3 + 4 + -6 + -8?
-7
Calculate -17 - (6 - 13 - 6).
-4
Calculate -7 + 5 - (3 - (-2 - -1)).
-6
What is 2 + 1 + 2 - 5?
0
What is 1 - 5 - (-2 - 3 - -2)?
-1
Calculate 122 + -111 - (0 - -6).
5
What is the value of 6 + (3 - 6) - 4 - 3?
-4
What is the value of 6 - (-4 - (-1 + 1 - 5))?
5
(-3 - -15) + -13 - (-2 - 4)
5
Evaluate (0 + -7 + 1 - 2) + 3.
-5
What is the value of 6 + (-1 - 1) + 0 + 1?
5
Calculate 9 - 10 - (-1 - -5).
-5
Evaluate 2 + 4 + -2 + (0 - -1).
5
What is the value of 4 + -16 + 7 + 3?
-2
Evaluate 2 + -3 + (-7 - (-8 + -8)).
8
-1 - (4 + 2 + -6)
-1
Calculate 3 + (3 - 2 - 5 - -2).
1
(3 - 0 - -1) + -1109 + 1104
-1
1 + 5 + -3 + -5 - -5
3
What is the value of 2 + 1 + -2 + 4?
5
What is 3 - ((-2 - -5 - 0) + 2)?
-2
What is the value of 1 + 2 - (6 - (8 + -5))?
0
(29 - 26) + (2 - 10)
-5
What is -1 + 3 + -5 - (-2 + 1)?
-2
Evaluate (1 - 1 - 1) + 2.
1
What is the value of -1 + 4 + (15 + -8 - 10)?
0
What is -1 + 1 + -3 - 2?
-5
4 + 2 + -2 - 5
-1
What is 1 + (1 - -4) + -2 + 5?
9
1 + 0 + -3 + 0 - -1
-1
0 + -5 + (-4 + 26 - 11)
6
Calculate -10 - -2 - (-28 + 9).
11
What is the value of 0 + 1 + (-13 - 19) + 26?
-5
-1 + 5 - (-16 - -14)
6
What is 13 + -19 + 6 - (6 + -1)?
-5
Evaluate 4 + (-4 + 1 - 4).
-3
-6 -